3 - 10*n**2 - n - 45. What is o(-11)?
87
Let m(c) = -6*c**2 - 261*c + 1326. Calculate m(5).
-129
Let n(h) = -3*h**2 - h + 14. Determine n(-2).
4
Let m(w) = -2*w**2 + 19*w + 616. Give m(-13).
31
Let a(c) = -2114*c + 12671. What is a(6)?
-13
Let p(c) = -c**3 + 21*c**2 - 23*c + 60. Give p(20).
0
Let l(m) = 2*m**2 - 5*m - 31. Determine l(7).
32
Let h(g) = -4*g**3 - 22*g**2 - 7*g - 6. What is h(-5)?
-21
Let q(o) = -o**3 + 7*o**2 + 679*o - 240. Determine q(-23).
13
Let x(d) = d**3 + 6*d**2 + d - 6. Calculate x(-2).
8
Let x(r) = -296*r + 1478. Determine x(5).
-2
Let k(h) = 2*h**3 + 17*h**2 + 19*h + 39. Give k(-6).
105
Let t(x) = -860*x - 165974. Calculate t(-193).
6
Let c(z) = -1362*z + 4102. Give c(3).
16
Let g(f) = -62*f + 673. What is g(10)?
53
Let g(w) = 16*w**2 - 178*w + 381. Calculate g(8).
-19
Let m(o) = o**3 + 17*o**2 - 108*o - 42. Determine m(-22).
-86
Let m(v) = v**3 - 45*v**2 - 97*v + 83. Determine m(47).
-58
Let q(h) = -5*h**2 + 69*h + 80. Calculate q(15).
-10
Let t(r) = 8*r**3 - 7*r**2 + 10*r - 10. Determine t(2).
46
Let c(l) = -l**3 - 15*l**2 - 34*l - 4. Give c(-2).
12
Let g(s) = -s**3 - 5*s**2 + 121*s - 271. Calculate g(7).
-12
Let a(u) = u**3 - 18*u**2 - 35*u - 33. What is a(19)?
-337
Let d(c) = c**3 + c**2 - 64*c - 88. What is d(0)?
-88
Let o(v) = 40*v**2 + 91*v - 91. Calculate o(1).
40
Let n(g) = 26*g**2 + 401*g + 245. Calculate n(-15).
80
Let a(q) = q + 187. What is a(-9)?
178
Let j(y) = -94*y - 1540. Determine j(-15).
-130
Let x(d) = -2*d**3 - d**2 - 4*d + 37. Calculate x(3).
-38
Let h(i) = -i**2 - 2*i + 62. What is h(8)?
-18
Let w(y) = -y**2 + 17*y - 27. Determine w(15).
3
Let s(n) = -104*n + 1775. Calculate s(17).
7
Let k(n) = 3*n**2 + 62*n - 1031. Determine k(11).
14
Let s(t) = t**3 - 53*t**2 + 94*t - 2177. Give s(52).
7
Let a(b) = b**3 - 2*b**2 - 403*b + 47. What is a(21)?
-37
Let q(i) = 13*i**3 - 2*i**2 - 2*i. Give q(-2).
-108
Let a(v) = 3832*v + 38330. Determine a(-10).
10
Let r(m) = 106*m - 67. Determine r(2).
145
Let r(f) = -f**2 - 13*f + 66. Give r(-18).
-24
Let t(z) = -5*z**3 - 8*z**2 + 99*z + 197. Calculate t(-2).
7
Let z(w) = -15*w**2 - 16*w + 8. What is z(0)?
8
Let m(v) = v**3 + 59*v**2 + 267*v - 161. Give m(-54).
1
Let w(t) = 12*t - 10. Calculate w(-6).
-82
Let g(r) = r**3 + 122*r**2 - 245*r + 386. Calculate g(-124).
14
Let j(x) = -7*x**2 + 418*x - 206. Determine j(59).
89
Let d(l) = 90*l - 3092. Give d(38).
328
Let j(x) = x**3 - 5*x**2 - 10*x - 9. Give j(-2).
-17
Let p(k) = -k**3 + 4*k**2 + 31*k - 147. Give p(6).
-33
Let p(a) = -1151*a + 5757. Calculate p(5).
2
Let r(f) = f**3 + 10*f**2 - 31*f - 312. What is r(-10)?
-2
Let u(h) = h**3 + 45*h**2 + 231*h - 10. Calculate u(-39).
107
Let g(c) = -2*c**3 + 245*c**2 - 833*c - 24. Give g(119).
-24
Let k(d) = 76*d**2 + 39*d - 35. What is k(1)?
80
Let x(a) = -4*a**2 + 153*a + 642. Give x(-4).
-34
Let c(f) = f**3 + 3*f**2 - 88*f + 90. Give c(8).
90
Let c(j) = j**3 + 11*j**2 + 41*j + 259. Determine c(-7).
168
Let j(w) = w**3 - 20*w**2 + w + 69. What is j(19)?
-273
Let p(c) = -7*c + 763. Calculate p(110).
-7
Let i(s) = -12*s**2 + 42*s + 187. Determine i(6).
7
Let w(a) = -44*a**2 + 345*a + 49. Determine w(8).
-7
Let g(f) = f**3 + 10*f**2 - 27*f - 53. What is g(-12)?
-17
Let t(z) = 38*z - 365. Calculate t(6).
-137
Let h(w) = 57*w + 53. What is h(-4)?
-175
Let y(o) = -4*o**2 - 25*o. Give y(-9).
-99
Let k(y) = -7079*y + 28324. Determine k(4).
8
Let o(b) = -33*b + 305. Give o(17).
-256
Let u(c) = 22*c + 237. Calculate u(-5).
127
Let z(a) = -9*a**3 - 111*a**2 - 57*a - 251. What is z(-12)?
1
Let k(v) = 66*v - 1603. Give k(24).
-19
Let r(h) = 83*h + 422. What is r(-2)?
256
Let x(l) = -l**3 - 85*l**2 + 450*l. Calculate x(-90).
0
Let a(p) = 2*p**2 + 20*p - 84. Give a(0).
-84
Let i(a) = -103*a**3 - 3*a**2 + 8*a - 6. What is i(1)?
-104
Let s(o) = -102*o - 5709. What is s(-56)?
3
Let s(d) = d**3 + 10*d**2 - 71*d - 677. Determine s(-11).
-17
Let v(o) = -o**3 + 22*o**2 - 35*o - 81. What is v(20)?
19
Let r(g) = -204*g + 2074. What is r(10)?
34
Let w(u) = -u**3 + 46*u**2 + 288*u - 11362. What is w(47)?
-35
Let i(v) = 3*v**2 - 42*v + 222. What is i(6)?
78
Let s(t) = 6*t**2 + 99*t - 81. Give s(-18).
81
Let f(d) = 5*d**2 + 120*d + 728. Calculate f(-12).
8
Let l(p) = 6*p**3 + 20*p**2 - 48*p + 18. Give l(-5).
8
Let f(v) = -2510*v + 12551. Give f(5).
1
Let a(p) = -9*p + 158. Calculate a(16).
14
Let s(p) = -39*p - 2461. Calculate s(-67).
152
Let p(a) = -104*a + 4681. Give p(45).
1
Let i(m) = -2*m**2 - 10*m + 13. What is i(-6)?
1
Let w(t) = 4*t**3 - 3*t**2 - 4*t + 14. Calculate w(0).
14
Let b(o) = 32*o - 381. What is b(12)?
3
Let q(u) = u**2 - 67*u + 843. Calculate q(49).
-39
Let h(x) = 2340*x + 23. Determine h(0).
23
Let m(h) = 2*h**2 - 74*h - 22. What is m(38)?
54
Let i(b) = -2*b**2 + 43*b + 14. Give i(26).
-220
Let c(g) = 98*g**2 - 4*g - 3. Give c(-1).
99
Let i(t) = -4*t**3 + 10*t**2 + 15*t - 34. Give i(5).
-209
Let n(a) = -32*a**2 + 242*a - 22. Calculate n(7).
104
Let r(o) = 2*o**3 - 14*o**2 + 8*o - 1. Give r(5).
-61
Let h(t) = t + 18. Calculate h(10).
28
Let k(c) = 65*c**2 - 43*c - 44. Calculate k(-1).
64
Let m(f) = 13*f + 177. Determine m(-10).
47
Let s(o) = -6*o**2 - 496*o - 329. What is s(-82)?
-1
Let r(w) = w**2 - 57*w + 133. Determine r(51).
-173
Let v(s) = -3*s**3 + 37*s**2 - 8*s - 47. Give v(12).
1
Let x(d) = -48*d + 19. Give x(-3).
163
Let r(a) = 175*a + 1619. Calculate r(-6).
569
Let c(g) = -g**3 - 22*g**2 - 40*g + 24. Determine c(-20).
24
Let t(v) = -15*v + 413. What is t(31)?
-52
Let b(g) = g**3 - 3*g**2 - 42*g + 29. Determine b(8).
13
Let k(f) = -f**3 - 32*f**2 + 27*f - 181. Give k(-33).
17
Let a(j) = -4181*j + 142156. Calculate a(34).
2
Let n(d) = d**3 + d**2 + 15*d + 15. Calculate n(0).
15
Let z(o) = 4*o**3 + o**2 - o - 82. Give z(0).
-82
Let u(j) = -8*j**3 - 1792*j**2 - j - 249. What is u(-224)?
-25
Let c(o) = -17*o**2 + 12*o - 6. Give c(1).
-11
Let n(c) = 11*c**2 - 83*c - 282. Give n(10).
-12
Let r(w) = -w**2 + 115*w + 2119. Calculate r(-16).
23
Let u(b) = -52*b - 135. Calculate u(-11).
437
Let f(a) = -1954*a + 3. Calculate f(0).
3
Let h(m) = -42*m - 291. Give h(-7).
3
Let r(h) = -61*h**2 + 370*h - 33. Calculate r(6).
-9
Let y(o) = 48*o + 68. Calculate y(-6).
-220
Let o(m) = m**2 + 63*m + 667. What is o(-12)?
55
Let q(f) = -206*f + 24524. Calculate q(119).
10
Let s(t) = -30*t - 1487. What is s(-50)?
13
Let i(c) = c**2 + 15*c - 19. Determine i(-11).
-63
Let b(c) = 2*c**2 + 221*c - 1210. Calculate b(-116).
66
Let m(c) = c**3 + 11*c**2 + 21*c - 9. Give m(-3).
0
Let d(t) = -70*t + 9057. Calculate d(130).
-43
Let t(d) = 245*d - 10034. Determine t(41).
11
Let q(g) = -g**3 + 6740*g**2 + 33727*g + 4. What is q(-5)?
-6
Let v(k) = -k**2 + 328*k - 2560. Determine v(8).
0
Let o(a) = 300*a - 11999. Determine o(40).
1
Let a(n) = 54*n + 1752. What is a(-33)?
-30
Let u(s) = -8*s - 656. What is u(-84)?
16
Let p(v) = -2*v**2 + 72*v + 519. Calculate p(42).
15
Let y(i) = 5*i**2 + 48*i + 318. What is y(-8)?
254
Let v(p) = p**3 + p**2 + 5*p + 10. What is v(-2)?
-4
Let h(f) = f**3 + 17*f**2 - 19*f - 17. What is h(-18)?
1
Let s(r) = -8*r**2 + 1804*r + 11118. What is s(-6)?
6
Let f(l) = 156*l - 3453. Give f(22).
-21
Let j(v) = 19*v - 38. What is j(5)?
57
Let c(y) = -2*y - 306. Determine c(-7).
-292
Let i(v) = 31*v**3 - 3*v**2 + 7*v - 1. What is i(3)?
830
Let z(x) = 4*x**3 + 23*x**2 + 30. Determine z(-6).
-6
Let s(x) = 1178*x - 2417. What is s(2)?
-61
Let y(j) = j**3 + 57*j**2 + 118*j + 428. Calculate y(-55).
-12
Let q(t) = t**2 + t + 53. Calculate q(17).
359
Let s(u) = -3*u**2 - 59*u + 610. Determine s(-27).
16
Let v(y) = -5*y**2 - 33*y - 62. Determine v(-4).
-10
Let q(i) = -4*i**3 + 10*i**2 + 12*i - 7. Determine q(4).
-55
Let o(d) = 5*d**2 - 66*d - 841. What is o(21)?
-22
Let w(y) = 1430*y + 11409. What is w(-8)?
-31
Let t(y) = 168*y + 681. Give t(-4).
9
Let d(q) = 22*q**2 + 852*q - 224. Determine d(-39).
10
Let t(f) = 62*f - 476. What is t(8)?
20
Let f(m) = m**3 - 4*m**2 - 8*m + 26. Determine f(4).
-6
Let y(h) = h**3 - 44*h**2 - 139*h - 178. Give y(47).
-84
Let l(z) = -z**2 + 8*z + 1. Determine l(2).
13
Let a(v) = -4*v**2 - 332*v - 672. Calculate a(-2).
-24
Let o(y) = -18048*y - 18054. What is o(-1)?
-6
Let o(c) = -c**3 - 7*c**2 + 169*c + 17. What is o(10)?
7
Let x(b) = b**2 - 50*b - 46. Give x(51).
